1
Suppose 0 = 692*n - 710*n + 81846. What is the thousands digit of n?
4
Let j(f) = 2*f**2 - 4*f - 6. Let y be j(4). Let r = 31 + y. What is the tens digit of r?
4
Let z be (-1)/(-4) - (-3 - 7/4). Suppose 67 = 3*i - 182. Suppose -3*m + 55 = -z*g, -3*m = -0*m + 2*g - i. What is the tens digit of m?
2
Suppose -4*m + 135 = 11*m. Suppose -2*j + m*j = 1799. What is the tens digit of j?
5
Suppose -2*k - 17 = -4*r - 321, -5*r - 4*k = 354. Let v = 246 + r. What is the hundreds digit of v?
1
Suppose 9*k - 91 = 71. What is the tens digit of k?
1
Suppose -9753 - 2063 = -14*p. What is the hundreds digit of p?
8
Let y(g) = g**2 - 13*g + 15. Let t be y(12). Suppose 3*a + 39 = 5*b, b - 5*a - 3 = t*b. Suppose -207 = 3*m - b*m. What is the units digit of m?
9
Let m = 254 - -547. What is the tens digit of m?
0
Suppose 3 = p, -10*p = -4*v - 8*p + 5642. What is the thousands digit of v?
1
Let h = 138 + -117. Let b = h - -13. What is the tens digit of b?
3
Suppose 0 = -2*j + 3324 + 2550. What is the thousands digit of j?
2
Suppose 0*u - u - 18084 = -4*t, -3*t - 2*u = -13552. What is the tens digit of t?
2
Let o be (69/(-5))/((-7)/35). Let b = o + -13. Let g = b + -28. What is the units digit of g?
8
What is the hundreds digit of (-336)/36*(-42)/8*37?
8
Let j(d) = -35*d - 117. What is the units digit of j(-14)?
3
Let l be (-1*(4 + -4))/(-1). Suppose 26*h - 27*h - 3 = l. What is the tens digit of (-99)/h + 0 + -4?
2
Suppose -3*h - 3 = 2*t, t = -3*h + 3*t + 9. What is the units digit of (0 - h)/((-3)/444)?
8
Suppose 0 = 3*c + 4*q - 736, 2*q = 6*c - 4*c - 500. What is the units digit of c?
8
Let f(w) = 36 + 33 - 67 + 68*w. What is the units digit of f(1)?
0
Let j(o) = -10*o + 4. Let s be j(-1). Suppose -c + 66 = s. What is the units digit of c?
2
Suppose -5*b + 122 = -2*w, w - 190 = 4*w - 4*b. Let x = -53 - w. What is the tens digit of x?
1
Let t = 26 - 24. Suppose -t*k + 180 = k. What is the units digit of k?
0
Suppose 0 = 3*z + 2*y - 11, 5*y - 8 = -2*z + z. Let j(s) = -s**2 + z*s + 3 + 2*s**2 + 1. What is the tens digit of j(-6)?
2
Let v(s) = 4*s**3 - s - 1. Let w be v(-2). Let b = 21 + w. What is the units digit of b/30*(1 - 79)?
6
Let t = 1265 + -1068. What is the units digit of t?
7
Let i(q) = -28*q - 18. Let x(d) = -d. Let g(c) = i(c) + 6*x(c). What is the tens digit of g(-2)?
5
Let l(i) = i**2 + 15*i. Let r be l(-12). What is the tens digit of (-8)/r + (-358)/(-9)?
4
Let t = -12 + 14. Suppose 107 = -t*r + 495. What is the units digit of r?
4
Let o be -2*4/(-8)*9. Let g = 11 - o. What is the units digit of g?
2
What is the hundreds digit of 2/77*7 + 27582/33?
8
Suppose 0*c + 12 = 2*c. Suppose f = -f + c. What is the units digit of f + (-12)/(3/(-1))?
7
Let w(z) = z**3 + z**2 - 7*z - 3. What is the hundreds digit of w(7)?
3
What is the units digit of 4 + -4 + 5 + -2 + 678?
1
Let g = -82 - -122. Suppose 0 = 2*i - g - 260. Suppose -5*j + 3*t + i = t, 3*j + 2*t - 106 = 0. What is the tens digit of j?
3
Suppose 140 = -12*p + 20. Let j(f) = -2*f**3 - 20*f**2 - 12*f - 1. What is the hundreds digit of j(p)?
1
Let s(x) = -4*x**3 - x + 2. Suppose -2*j - 6 = -q, 0*q + 12 = -5*j + q. Let a be s(j). Suppose -3*b = -a - 6. What is the tens digit of b?
1
Let w(c) = c + 4. Let z be w(-4). Let h = z + 3. Suppose k - 5 = h. What is the units digit of k?
8
Let p(f) = 1 + 0*f + f + 8 - 2*f. Let x be p(0). Let d = 16 - x. What is the units digit of d?
7
Let b(v) = -4*v**2 + 8*v + 13. Let f(w) = -3*w**2 + 7*w + 12. Let z(u) = -5*b(u) + 6*f(u). Let n be z(-5). Let i = 70 - n. What is the units digit of i?
3
Let q = 1761 + -166. What is the thousands digit of q?
1
Let z(m) = 38*m**2 + 95*m + 23. What is the tens digit of z(8)?
1
Let q(x) = -x**2 + 7*x - 4. Suppose s = -2*i - 2, 0 = -s - 0*s - 4*i - 6. Suppose 6*y + s = 5*y, -j - y = -4. What is the units digit of q(j)?
2
Suppose 3*k + 37 = 2*k. Suppose 4*g + 2*b = 26, 14 - 45 = -5*g - 4*b. Let i = g - k. What is the units digit of i?
4
Suppose 5*w - 48 + 18 = 0. Suppose -2*a - 4*u = -6, 5*a = -5*u + 7 + 3. Let l = w - a. What is the units digit of l?
5
Let i = -23 + 25. Suppose 67 + 157 = 5*p - i*s, -2*s - 40 = -p. What is the tens digit of p?
4
Let i(f) = f**3 - 5*f**2 - 5*f. Let v be i(3). Let p = -31 - v. What is the units digit of p?
2
Suppose -7000 = -26*a + 12*a. What is the units digit of a?
0
Let r = 1241 + -843. What is the units digit of r?
8
Let k = -6 - -15. Let d = k - -11. Suppose -h = 2*w - 28, 4*h = -h - d. What is the tens digit of w?
1
Let p be 3/1*(-18 + 4). Let j = p - -17. Let y = 36 + j. What is the tens digit of y?
1
Let a = 198 + -102. Suppose -3*w + 8*w = 15. Suppose w*s + s = a. What is the tens digit of s?
2
Let v(l) = l**2 - 10*l + 21. Suppose -7*c + x = -2*c - 68, 0 = 3*c - 4*x - 51. What is the tens digit of v(c)?
6
Suppose 15 + 39 = 3*q - p, -4*p + 54 = 3*q. What is the tens digit of q?
1
Let z(d) be the first derivative of d**3/3 + 2*d**2 - 8*d + 11. What is the tens digit of z(-12)?
8
Suppose -3*i + 2 = 2*i + 4*t, -i = -5*t + 17. Let v(q) = -57*q - 20. What is the units digit of v(i)?
4
Let r = -407 - -882. What is the units digit of r?
5
Let s = -3556 - -6002. What is the hundreds digit of s?
4
Let p be 64/(3 + (-2 - 0)). Let t = 92 - p. What is the tens digit of t?
2
Suppose 2592 = 6*p - 588. Suppose -p = q - 6*q. What is the units digit of q?
6
What is the hundreds digit of (-20)/630*-9 + (-17986)/(-14)?
2
Let p(x) = -x**3 - 5*x**2 + 319*x + 10. What is the units digit of p(-21)?
7
Suppose 0 = 4*v - x + 4*x - 24, -v = -2*x + 5. Suppose -v*i + 0*i + 87 = 5*f, 25 = 3*f - 5*i. What is the units digit of f?
5
Let o be (28/8)/((-3)/(-30)). Let g = -8 - -16. Suppose 33 = 5*l + g, -l + o = u. What is the units digit of u?
0
Let h(v) = -v**2 + 10*v - 14. Let x be h(8). Suppose -2*u - 4*a + 38 = 0, 0*u = 2*u - x*a - 38. What is the units digit of u?
9
Let b(j) = -54*j - 7. Let r(z) = -108*z - 13. Let o(n) = -5*b(n) + 3*r(n). What is the tens digit of o(-2)?
0
Suppose 20 - 12 = 2*n. Let j(g) = 5*g. Let y be j(-6). What is the units digit of 6/n*(-820)/y?
1
Let c(a) = -a**3 + 8*a**2 + 11*a - 16. Let y be c(9). Suppose -y*m + 688 = 14*m. What is the tens digit of m?
4
What is the thousands digit of -10*(-14)/700 - 11249/(-5)?
2
What is the hundreds digit of (17504/(-56) - 2)*(-28)/6?
4
Suppose 6*u + 0*u + 36 = 0. Let c be (18/(-15))/(u/20). What is the tens digit of 48 - 2 - 4/c?
4
Let k(u) = -61*u - 107. What is the units digit of k(-15)?
8
Let y be 57/(-9) - ((-14)/6 - -2). What is the tens digit of (-4 + (-22)/y)*-225?
7
Suppose -5*u + 273 = 4*y, -2*u + 4*u + 3*y = 112. What is the units digit of u?
3
Let f(p) = 2*p - 5. Let n be f(4). Suppose -4*k - 19 = -9*k - n*u, -2*k - u + 8 = 0. What is the units digit of k?
5
Let t be (0 + (-1 - 0))/(6/(-18)). Suppose -t*x + 9*x = 126. What is the tens digit of x?
2
Suppose 10*t = 15*t - 3*u - 11233, t - 4*u = 2233. What is the tens digit of t?
4
Let h(x) = x**3 + 14*x**2 - 14*x - 6. Let b be h(-15). Let m = b + 25. What is the units digit of m?
4
Let n = -3 - -7. Suppose 0 = -4*w + 2*w + 54. Let l = w - n. What is the units digit of l?
3
Let l(b) = b**2 + 13*b + 10. Let z be l(-11). Let p = 78 + z. What is the tens digit of p?
6
Let z(r) = 2*r**3 - r**2 + 2*r - 1. Let v be z(1). Suppose 4*h = 5*w + 29, -27 = v*h - 7*h - 3*w. Suppose 0 = h*p - 2*p - 16. What is the units digit of p?
4
Suppose -15139 = -14*h - 3211. Suppose 10 = 5*t, 4*x = -t - 3*t + h. What is the tens digit of x?
1
Suppose q + 9 = -7. Let c be (q - 4/(-2))*1. Let j = c + 46. What is the units digit of j?
2
Let n(b) = b**3 + b**2 + 2*b - 3. Let p be n(1). Suppose -80 = -2*i + 4*x, i - 38 = x - p. What is the units digit of i?
4
Suppose -3*p = 5 - 17. Suppose -14 + 263 = p*i + j, -4*i + 3*j + 261 = 0. What is the units digit of i?
3
Suppose 4*d + 16 = 0, -5*d - 8 - 12 = 4*r. Suppose r = c + 2*c - 288. What is the tens digit of c?
9
Let u(r) = -21*r**2 + 2*r - 1. Let x be u(1). Let b = x + 18. What is the units digit of b/7 + 158/14?
1
Let d be (6/9)/(((-52)/(-816))/13). Suppose 27*s = 10*s + d. What is the units digit of s?
8
Suppose 5*d - 4368 = -d. What is the hundreds digit of d?
7
Let w be ((-8)/10)/(38/(-475)). Let j = w - 4. What is the units digit of j?
6
Let w be 6/(-12)*1*-22. Let c = -14 